**2 - 4. Calculate the remainder when n(-3) is divided by m.
14
Let m = -27 - -59. Suppose 2*l = -2 + m. What is the remainder when l is divided by 9?
6
Let k = 0 + 4. Suppose -k*p = 21 + 3. Let z(h) = h**2 + 1. What is the remainder when z(p) is divided by 13?
11
Suppose 24*z = 20*z + 156. Calculate the remainder when z is divided by 16.
7
Suppose 4*g - 3*z = 36, 3*g + g - 2*z - 32 = 0. Calculate the remainder when 10 is divided by g.
4
Suppose t - 7 = -3*o - 4, -4*t = 3*o - 12. Suppose t*y - 8 = y. Suppose -y*v + 20 + 111 = 3*k, 67 = 2*v + k. What is the remainder when v is divided by 12?
11
Let j be 3/6*(1 + -1). Suppose j = 4*b - 91 - 9. Calculate the remainder when b is divided by 9.
7
Let i be (-2 - -3)/((-2)/(-10)). Suppose 0 = -i*j + 4*j + 104. Suppose 0 = -4*n + 60 + j. What is the remainder when n is divided by 14?
13
Let o(p) = -p**2 - 8*p + 20. Let s(i) = -7*i + 6. Let t(g) = -g**2 - 6*g + 5. Let m(c) = 3*s(c) - 4*t(c). Calculate the remainder when m(2) is divided by o(-9).
9
Let m = 227 + -202. What is the remainder when 72 is divided by m?
22
Let n(m) = 11*m + 1 - 2 - 2. Suppose 4*t = 5*o + 72, t = -5*o + 23 - 5. What is the remainder when n(5) is divided by t?
16
Let p = -1 + 3. Let r be 2*(2/p - -1). Suppose 9 = r*x - 31. What is the remainder when 19 is divided by x?
9
Let f = -7 - -8. Calculate the remainder when (f/2)/((-6)/(-156)) is divided by 7.
6
Suppose i + 2*l + 7 = 1, 3*i + 5*l = -13. Suppose -2*x = -0*v + 2*v - 26, -2*x = 4*v - 54. What is the remainder when v is divided by i?
2
Let k = -45 - -66. Calculate the remainder when 33 is divided by k.
12
Let x(c) = -c**3 - 3*c**2 + 3. Calculate the remainder when 56 is divided by x(-4).
18
Let q = 246 - 116. What is the remainder when q is divided by 33?
31
Let z(i) = -i**2 - 12*i + 3. Let s be z(-10). Let n = 13 + s. What is the remainder when n is divided by 19?
17
Let g(s) = -2*s - 6 - 2*s + 8 - 5*s**2 - 2*s**3 + 2*s. Calculate the remainder when 33 is divided by g(-3).
16
Suppose -f + 5 = -5. Let y(q) = -q**3 - 5*q**2 - q - 6. What is the remainder when y(-6) is divided by f?
6
Suppose -4*p + 4*b - 4 = 0, 3*p + b - 6 = 11. What is the remainder when 10 is divided by p?
2
Suppose 43 = 5*m - 3*w, 26 + 3 = 4*m + 3*w. Let q = -3 + 1. What is the remainder when 12 + 5/((-5)/q) is divided by m?
6
Suppose 0 = i + n - 113, 4*i + 0*n + 3*n - 450 = 0. What is the remainder when i is divided by 19?
16
What is the remainder when ((-5)/10 + 1)*98 is divided by 25?
24
Suppose 161 = -5*s - 2*a + 530, 0 = 5*s - 5*a - 390. Calculate the remainder when s is divided by 13.
10
Suppose 4*b - 21 - 11 = 0. Calculate the remainder when 13 is divided by b.
5
Let s = 75 - 42. What is the remainder when s is divided by 18?
15
Let l = 17 + 30. What is the remainder when l is divided by 12?
11
Suppose 4*n - p - 55 = 2*p, -4*p + 30 = 5*n. What is the remainder when 17 is divided by n?
7
What is the remainder when 38 is divided by -8*-1*(-4 + 9 + -4)?
6
Suppose 5*z + 5 = 3*k, -3*k + z = -2*z - 9. Suppose 0*x = -k*x + 315. What is the remainder when 1*-5*x/(-15) is divided by 11?
10
Suppose 0 = -2*v + 27 + 15. Calculate the remainder when 82 is divided by v.
19
Suppose -x + b + 34 = -0*b, 0 = -x + 5*b + 18. Let i = -14 - -27. Calculate the remainder when x is divided by i.
12
Let a(h) = 4*h + 2. Suppose 0 = 5*x - 4*v + 3 - 31, 0 = 5*x + 5*v - 10. Calculate the remainder when a(3) is divided by x.
2
Let g = -43 + 103. Calculate the remainder when g is divided by 31.
29
Suppose 15*d = -78 + 168. What is the remainder when d is divided by 22/8 - (-2)/8?
0
Let w(c) be the second derivative of -5*c**3/6 - c**2/2 + c. Let j be w(-2). Suppose 4*d - 35 = j. Calculate the remainder when d is divided by 6.
5
Let k = 15 - 11. Suppose 7*b - 84 = k*b. Calculate the remainder when b is divided by 10.
8
Suppose -4*i + 0 = 4. Let x be -1 + (i - (1 - 7)). Suppose -4*t + x + 4 = 0. Calculate the remainder when 4 is divided by t.
0
Let z = -141 - -93. Let f = 69 + z. Calculate the remainder when 38 is divided by f.
17
Let i be (-2260)/30 - 2/(-6). Let p = i + 117. Suppose 0 = -2*w - 2*w + 88. What is the remainder when p is divided by w?
20
Let q(r) be the first derivative of r**2 - 4*r + 2. Calculate the remainder when 6 is divided by q(3).
0
Let n = -98 - -110. Calculate the remainder when 35 is divided by n.
11
Let x(u) = u**3 - 4*u**2 - 4*u - 5. Calculate the remainder when x(6) is divided by 218/10 - (2 + (-44)/20).
21
Suppose 0*v = -5*v - 5*f + 10, -5*v + 3*f = 22. Let s = v + 3. Suppose 2*z - 15 = -3*j, -8 = -3*z + s. Calculate the remainder when j is divided by 2.
1
Let d = -7 + 17. What is the remainder when 6/d - 608/(-20) is divided by (-2 - -1)/(-1) - -10?
9
Suppose -t + 5*s = 0, 2*s - 8 = -t + 5*s. Let i be 0 - (-2 + 0 - 0). Suppose 3*d + i*d - 55 = 0. What is the remainder when t is divided by d?
9
Suppose -88 = -2*b - 4. Suppose 3*i - b - 3 = 0. What is the remainder when 42 is divided by i?
12
Let b = -35 + 51. Let z = -9 + 12. Suppose -z*h - 120 = -7*h. What is the remainder when h is divided by b?
14
Suppose -98 = -4*g - 3*g. Let a(m) = 6*m**2 - m - 2. Calculate the remainder when a(-3) is divided by g.
13
Suppose -7 = -r + 1. What is the remainder when 12 is divided by r?
4
Suppose -4*l = 2*j - 25 - 3, 0 = 4*j + 4*l - 52. Let v = -3 + 37. What is the remainder when v is divided by j?
10
Suppose 3*p + 2*w - 30 - 21 = 0, 39 = 2*p + 3*w. Calculate the remainder when p is divided by 9.
6
Let q(s) = -s**3 + s**2. Let k be q(1). Suppose 14 = u - k*u. What is the remainder when 38 is divided by u?
10
Let p = -27 - -41. Suppose -272 = -5*y + i - 0*i, -2*i = -2*y + 112. Calculate the remainder when y is divided by p.
12
Suppose 19 = u - 5*d, 2*u - 3*d + 2*d = -7. What is the remainder when 64/12*u/(-4) is divided by 5?
3
Let x(z) = 237*z + 5. What is the remainder when x(1) is divided by 61?
59
Let k(l) = -l**3 + 4*l + 7*l**2 + 1 - 2*l - 6*l**2 + 7*l**2. What is the remainder when 33 is divided by k(8)?
16
Let t(k) = k**2 + k + 2. Let r(n) = 2*n + 4. What is the remainder when t(-5) is divided by r(4)?
10
Suppose -7*n - 15 = -2*n. Let z = -113 - -168. What is the remainder when z is divided by n/(-4) - 53/(-4)?
13
Suppose 0 = -z + 11 + 31. Let b = 65 - z. Calculate the remainder when 67 is divided by b.
21
Let g(u) = -u**3 + 10*u**2 + 2. Let b be g(10). Suppose -l + 3*l - 4*j - 32 = 0, -17 = -b*l + j. What is the remainder when l is divided by 3?
0
Let l = -28 - -28. Suppose l = -x, -5 = -w - 5*x + 3. What is the remainder when 23 is divided by w?
7
Let m = -11 - -28. Calculate the remainder when 100 is divided by m.
15
Suppose i - 50 = -4*i. Let s = 57 - 29. What is the remainder when s is divided by i?
8
Let c = 7 + -1. Suppose 0 = s + 2*s + 15, 5*s = -5*g - 5. What is the remainder when 6/(3/c*g) is divided by 2?
1
Let o = -13 - -26. Calculate the remainder when 50 is divided by o.
11
Suppose -s = 2*s + 3. Let m(z) = 57*z**2 - 2*z - 1. Calculate the remainder when m(s) is divided by 20.
18
Let p = -119 - -171. Calculate the remainder when p is divided by 18.
16
Suppose -3*n = -4*n + 22. Let d = 45 + -65. Let j = d - -28. Calculate the remainder when n is divided by j.
6
Suppose b + 1 - 3 = 0. Suppose 0*r + 34 = -b*r. Let d = r - -37. Calculate the remainder when d is divided by 7.
6
Suppose -112 = -5*p + p. What is the remainder when 54 is divided by p?
26
Let o(v) = -v**3 - 13*v**2 + v + 19. What is the remainder when 15 is divided by o(-13)?
3
Let v be (-2)/(10/3)*5. What is the remainder when 24 is divided by 13/(4 + v)*1?
11
Let i = -36 - -69. Calculate the remainder when 96 is divided by i.
30
Let j(p) = p**3 + 11*p**2 - 14*p - 5. Let x = 5 - 3. Let k = x + 8. What is the remainder when j(-12) is divided by k?
9
Suppose 0 = 5*m - d + 3 - 7, -2*m + 3*d - 1 = 0. What is the remainder when 4 is divided by m?
0
Suppose -4*v + m + 59 = 0, 4 = 3*m + 13. What is the remainder when v is divided by (6 + -1)*16/10?
6
Let w be (-2)/7 - 158/(-14). Suppose -5 - w = -4*h. Calculate the remainder when h is divided by 3.
1
Suppose 6*w - 26*w + 280 = 0. Let c(a) = 4*a**2 - 4*a + 2. What is the remainder when c(3) is divided by w?
12
Let u be 9*(-1)/(3/(-2)). Calculate the remainder when 8/(-2) + (-620)/(-10) is d